{"id":729,"date":"2023-02-15T17:36:34","date_gmt":"2023-02-15T17:36:34","guid":{"rendered":"https:\/\/www.aigredoux.net\/?page_id=729"},"modified":"2023-02-15T17:36:34","modified_gmt":"2023-02-15T17:36:34","slug":"14-dicembre","status":"publish","type":"page","link":"https:\/\/www.aigredoux.net\/?page_id=729","title":{"rendered":"14 dicembre"},"content":{"rendered":"\n<p><strong>La prova<\/strong><\/p>\n\n\n\n<p><em>di Maurizio J. Bruno<\/em><\/p>\n\n\n\n<p><em>(Seconda parte)<\/em><\/p>\n\n\n\n<p>Ziruk le si avvicin\u00f2 e la fece scendere delicatamente a terra. Poi si avvi\u00f2 ad aggiogare anche l&#8217;asino nella stalla, accanto al bue. Aveva appena finito di legare la cavezza dell&#8217;asino ad un palo che sent\u00ec Antalya gemere sommessamente. Si volt\u00f2, e cap\u00ec che il momento del parto era giunto. Aiut\u00f2 la moglie ad entrare nella stalla ed a stendersi sulla paglia, ma poi ella volle che il marito la lasciasse sola per tutto il tempo del parto. In preda al nervosismo Ziruk le obbed\u00ec, usci fuori nel freddo e cominci\u00f2 a camminare su e gi\u00f9 davanti alla grotta, sforzandosi di ignorare le grida che provenivano dall&#8217;interno.<br>Ci volle quasi un&#8217;ora, poi la donna lo chiam\u00f2 ed insieme deposero il bimbo in una mangiatoia, dopo averlo avvolto in un telo bianco. Ziruk si inginocchi\u00f2 accanto al piccolo e lui ed Antalya restarono per qualche minuto in silenzio ad ammirare quello che sarebbe stato il Salvatore del mondo.<br>Erano ancora l\u00ec, assorti, quando udirono dei passi far scricchiolare la paglia sull&#8217;ingresso. Entrambi si voltarono di scatto verso l&#8217;entrata temendo che qualcuno potesse far loro del male. Restarono ancora pi\u00f9 stupiti quando si trovarono di fronte l&#8217;angelo che era apparso ad entrambi in sogno qualche mese prima. Stavolta l&#8217;angelo non era avvolto da alcuna nube di luce, ed essi lo riconobbero per quello che era, soltanto perch\u00e9 l&#8217;avevano gi\u00e0 incontrato nella loro visione mistica. Era triste in volto, e si avvicin\u00f2 loro col capo chino.<br>&#8220;Ziruk ed Antalya, voi siete forse in questo momento gli uomini migliori di tutto il genere umano, e mi dispiace davvero molto dovervi comunicare ci\u00f2 che sto per dirvi. Il bimbo che avete appena dato alla luce non \u00e8 il figlio di Dio. Il figlio di Dio verr\u00e0 sulla Terra solo tra molti anni e nascer\u00e0 esattamente nel posto e nel modo in cui \u00e8 nato stanotte il vostro bambino. Era tutto predisposto per questa notte ma, purtroppo, gli uomini non sono ancora pronti. Anche stavolta il Signore ha lasciato loro il libero arbitrio, ed anche questa volta ci\u00f2 che Dio sperava che avvenisse non \u00e8 avvenuto&#8230;&#8221;<br>L&#8217;angelo continuava a parlare a testa bassa, con le mani congiunte in grembo, passeggiando a piccoli passi nella stalla, spostando rametti di paglia coi semplici sandali.<br>&#8220;I tre sapienti d&#8217;oriente, avvertiti in sogno della nascita del Salvatore, non hanno voluto credere alla profezia e non si sono messi in viaggio per questo luogo. E gli uomini, i discepoli, che il figlio di Dio incontrerebbe sul suo cammino se nascesse oggi, non sarebbero all&#8217;altezza della situazione.&#8221;<br>&#8220;Ma come \u00e8 possibile?&#8221; intervenne Ziruk, che pur nella sua infinita pazienza non riusciva a capacitarsi di quella novit\u00e0.<br>&#8220;Carissimi&#8221; disse allora l&#8217;angelo avvicinandosi loro con le braccia leggermente aperte &#8220;Anche al Signore \u00e8 costato molto dover rimandare questo evento, ma la discesa del suo figlio sulla Terra \u00e8 un fatto unico, troppo importante per tutta l&#8217;umanit\u00e0 per lasciare che si svolga al di sotto delle sue potenzialit\u00e0. Comunque, la vostra impresa non \u00e8 stata inutile. Grazie a voi, il Signore ha capito quanto possano essere aridi e inerti gli animi di alcuni uomini. Per smuovere gli altri tre saggi d&#8217;oriente che saranno scelti quando il figlio di Dio verr\u00e0 davvero sulla Terra, Il signore mander\u00e0 una cometa, ad indicare loro la strada e a convincerli a partire, ed i discepoli che il Verbo di Dio trover\u00e0 sul suo cammino quando verr\u00e0 su questa Terra, saranno di cuore generoso e pronti a lasciare ogni cosa terrena per il loro compito divino&#8230; In ogni caso, il Signore nostro Dio vuole che sappiate che da parte vostra, voi ve la siete cavata benissimo e, alla fine dei vostri giorni ve ne sapr\u00e0 ricompensare\u2026&#8221;<br>&#8220;Ma come faremo a vivere la nostra vita, con la consapevolezza di fatti cos\u00ec importanti?&#8221; chiese Antalya con voce umile, abbassando a sua volta la testa.<br>&#8220;Non temete. Dio sa che, anche se riuscisse davvero a capire l&#8217;importanza del compito che avete svolto, non potreste pi\u00f9 vivere tranquilli portandovi dentro questo segreto. E cos\u00ec vi doner\u00e0 l&#8217;oblio. Domattina, non ricorderete nulla della mia comparsa e delle mie profezie, tornerete ad essere, o meglio comincerete ad essere, una famiglia normale. Una famiglia normale che ha reso un grandissimo servigio al Signore. Che la pace sia con voi&#8230;&#8221;<br>Cos\u00ec dicendo, l&#8217;angelo si volt\u00f2 e ritorn\u00f2 sui suoi passi, ignorando le voci di Ziruk ed Antalya che lo chiamavano chiedendo altre spiegazioni.<br>Rimasti soli, il bimbo attir\u00f2 la loro attenzione con un flebile pianto. Antalya gli si avvicin\u00f2, e cap\u00ec che il piccolo voleva mangiare. Lo prese tra le braccia e, per la prima volta lo accost\u00f2 al suo seno. Quando il bambino ebbe finito di succhiare e si addorment\u00f2 sereno, anche loro due si prepararono per la notte distendendosi ad una certa distanza sul giaciglio di paglia.<br>Il gallo cant\u00f2 allo spuntare dell&#8217;alba. Non nevicava pi\u00f9 ed un pallido sole faceva capolino dalle montagne. Ziruk apr\u00ec gli occhi \u00e8 guard\u00f2 il volto della moglie a poca distanza dal suo: Com&#8217;era bella! Le si avvicin\u00f2 lentamente e la baci\u00f2 dolcemente sulle labbra. Lei apr\u00ec gli occhi e gli sorrise. Allarg\u00f2 le braccia e lo strinse a s\u00e9.<br>&#8220;Ah, Ziruk, come sono felice! Sei il marito migliore del mondo! Ed anche se questo viaggio mi sta massacrando, sono contenta di farlo insieme a te!&#8221;<br>&#8220;Fai alla svelta, piccola mia.&#8221; le rispose il marito &#8220;Se camminiamo di buon passo, prima di stasera saremo a Nazareth!&#8221;<br>&#8220;Certo, tesoro, ci metto un attimo!&#8221;<br>Antalya si avvicin\u00f2 alla mangiatoia, si chin\u00f2, e ne raccolse il contenuto, il suo bene pi\u00f9 prezioso: il suo semplice mantello azzurro.<\/p>\n\n\n\n<p><em>(Contenuto pubblicato per la prima volta su antoniomessina.it il 14\/12\/1999)<\/em><\/p>\n\n\n\n<p><a href=\"https:\/\/www.aigredoux.net\/?page_id=727\" data-type=\"page\" data-id=\"727\">13 dicembre<\/a> &#8211; <a href=\"https:\/\/www.aigredoux.net\/?page_id=731\" data-type=\"page\" data-id=\"731\">15 dicembre<\/a><\/p>\n","protected":false},"excerpt":{"rendered":"<p>La prova di Maurizio J. Bruno (Seconda parte) Ziruk le si avvicin\u00f2 e la fece scendere delicatamente a terra. Poi si avvi\u00f2 ad aggiogare anche l&#8217;asino nella stalla, accanto al bue. Aveva appena finito di legare la cavezza dell&#8217;asino ad &hellip; <a href=\"https:\/\/www.aigredoux.net\/?page_id=729\">Continua a leggere<span class=\"meta-nav\">&rarr;<\/span><\/a><\/p>\n","protected":false},"author":1,"featured_media":0,"parent":0,"menu_order":0,"comment_status":"closed","ping_status":"closed","template":"","meta":{"_monsterinsights_skip_tracking":false,"_monsterinsights_sitenote_active":false,"_monsterinsights_sitenote_note":"","_monsterinsights_sitenote_category":0,"ngg_post_thumbnail":0,"footnotes":""},"class_list":["post-729","page","type-page","status-publish","hentry"],"_links":{"self":[{"href":"https:\/\/www.aigredoux.net\/index.php?rest_route=\/wp\/v2\/pages\/729","targetHints":{"allow":["GET"]}}],"collection":[{"href":"https:\/\/www.aigredoux.net\/index.php?rest_route=\/wp\/v2\/pages"}],"about":[{"href":"https:\/\/www.aigredoux.net\/index.php?rest_route=\/wp\/v2\/types\/page"}],"author":[{"embeddable":true,"href":"https:\/\/www.aigredoux.net\/index.php?rest_route=\/wp\/v2\/users\/1"}],"replies":[{"embeddable":true,"href":"https:\/\/www.aigredoux.net\/index.php?rest_route=%2Fwp%2Fv2%2Fcomments&post=729"}],"version-history":[{"count":0,"href":"https:\/\/www.aigredoux.net\/index.php?rest_route=\/wp\/v2\/pages\/729\/revisions"}],"wp:attachment":[{"href":"https:\/\/www.aigredoux.net\/index.php?rest_route=%2Fwp%2Fv2%2Fmedia&parent=729"}],"curies":[{"name":"wp","href":"https:\/\/api.w.org\/{rel}","templated":true}]}}